62). Let g = 142 + j. Suppose 5*k - 5*a - g = 0, -k - 82 = -4*k - 5*a. List the prime factors of k.
19
Suppose 22 - 14 = k. Suppose -9 = -3*q + 2*y + k, -4*y = 3*q + 7. Suppose 4*j - 5*r = -q*r + 572, -j - 4*r = -125. List the prime factors of j.
3, 47
Suppose 211*f - 132 = 205*f. Suppose f*h - 12334 = 5508. What are the prime factors of h?
811
Let l(u) = 2*u + 15. Let v(a) = a - 1. Let g(x) = l(x) - v(x). Let p be g(-14). Suppose 0 = -0*b - p*b + 42. List the prime factors of b.
3, 7
Let s(x) = 97*x**2 - 83*x - 153. List the prime factors of s(-14).
20021
Let y(x) = -x**3 - x**2 + 7. Let k be y(0). Let f(m) = 2*m - 15. Let z be f(k). List the prime factors of (z + 10/4)/(4/184).
3, 23
Let a(l) = -3*l + 2*l - 6 + 8*l - 3*l. What are the prime factors of a(10)?
2, 17
Suppose -457*l = -459*l + 4928. Suppose 10*q = 17*q - l. List the prime factors of q.
2, 11
List the prime factors of (-1547)/119 - (3 + -7194).
2, 37, 97
Let m(n) = -31 + 23 - 17*n - 185. List the prime factors of m(-12).
11
Let v(f) = -11*f - 4502 - 10*f**3 - f**2 - 3*f + 0*f**2 + 4470. What are the prime factors of v(-3)?
271
Let c(w) = -w**3 + 21*w**2 + 3*w - 52. Let s be c(18). Let t = s - 428. Let r = -382 + t. What are the prime factors of r?
2, 41
Let r = -123 + 126. Suppose 5*b = -5*s + 405, r*s - 2*b - 229 = 2*b. List the prime factors of s.
79
Let t be 1/((-2)/(-4))*(-4112)/(-32). Let b = t + -111. Suppose -d + 5*r + 125 = 7, -d - 2*r + b = 0. List the prime factors of d.
2, 3, 23
Let i(v) = 419*v**2 + 28*v - 95. What are the prime factors of i(6)?
23, 659
Suppose -66*h + 93*h - 84834 = 0. What are the prime factors of h?
2, 1571
List the prime factors of (166 - -10058) + 2*(-3 - 0).
2, 3, 13, 131
Suppose -2*q + 59 = -5*j - 36, 3*q - 175 = j. Suppose -5*b - 5*b = -q. What are the prime factors of b?
2, 3
Suppose -39*j + 51*j - 2820 = 0. List the prime factors of j.
5, 47
Let r(c) = -11*c + 183. Let f be r(18). Let i(l) = 2*l**2 + 4*l - 51. List the prime factors of i(f).
3, 113
Let f be 4/(-6)*-3 - (6 + -10). Suppose f*c - c = 1475. List the prime factors of c.
5, 59
Let n(w) = 72*w - 150. Let b be n(8). Suppose b*x = 439*x - 22230. List the prime factors of x.
2, 3, 5, 19
Suppose -b - 2 = -7. Suppose 3*x = -x + b*q + 26, -5*q = 2*x + 2. Suppose 3*g - 162 = 4*k, 0 = -2*g + 3*g + x*k - 38. List the prime factors of g.
2, 5
Suppose 0 = t + 2*t. Suppose -2 = 13*p - 67. Suppose t = -4*c - 0*c + p*a + 6, 5*c - 3*a = 14. What are the prime factors of c?
2
Let b be 1*2*57/38. Suppose 15*p - b*p - 1716 = 0. List the prime factors of p.
11, 13
Suppose -27*v = -4*v. Let o(x) = x**2 - x + 84. List the prime factors of o(v).
2, 3, 7
Let g = 34 - 16. Suppose 13*h + 55 = g*h. List the prime factors of h.
11
Let k(i) = -6*i - 2. Let b be k(-4). What are the prime factors of (-186 + -2)/(b + -23)?
2, 47
Suppose 2*c - 24 = -4*i, 47 - 11 = 5*c + 2*i. Suppose 5*u + c*l - 2321 = 3*l, -3*l + 1389 = 3*u. List the prime factors of u.
2, 233
Let x = -9 + 10. Let q be (-13 + 13)/(1 + x). Suppose q = 4*g - 167 - 153. What are the prime factors of g?
2, 5
Suppose 5*d - 107575 = -4*o, -3*o - 43023 = -2*d - 6*o. What are the prime factors of d?
3, 797
Suppose -r = 3*l - 6716, 5*l - 19500 - 7329 = -4*r. What are the prime factors of r?
6701
Suppose 19*s - 144350 = 1133. List the prime factors of s.
13, 19, 31
Suppose 0 = 5*y - 2*u - 378, 3*u - 385 = -5*y - 2*u. Let z be -4*4/((-64)/y). Let n = z + 19. List the prime factors of n.
2, 19
Let y(p) = 9*p + 369. Let c = 108 + -108. List the prime factors of y(c).
3, 41
Suppose -28 = 2*y - 4*c, -c - 5 + 15 = -y. Let m = y - 12. Let i(z) = -z**3 - 19*z**2 - 22*z - 25. What are the prime factors of i(m)?
47
Let a(s) = s**3 - 17*s**2 + 27*s - 27. Let g be a(17). What are the prime factors of (2*-16)/(2 - g/207)?
2, 23
Let q(k) = -3*k**3 + 111*k**2 - 32*k - 16. What are the prime factors of q(11)?
2, 5, 907
Let s(c) = c**3 + 14*c**2 + 10*c - 29. Let p be s(-13). Let h(z) = 15*z**2 - 3 - 3*z + p*z - 12*z. What are the prime factors of h(-2)?
67
What are the prime factors of (-35441)/(-3) - 663/117?
2, 3, 41
Let b(z) = -z**3 + z**2 - z + 4. Let c be b(0). Suppose 2*m + 2*g + g + 2 = 0, 4*m - c = -4*g. Suppose -r = -m*r + 460. List the prime factors of r.
5, 23
Let g(n) = -957*n**3 + n**2 + n - 1. Let k = 2 - 1. Let p be g(k). List the prime factors of (p/(-16))/((-3)/(-12)).
239
Let h = -69 + -6. Let n = h - -79. Suppose 190 + 250 = n*z. List the prime factors of z.
2, 5, 11
Suppose -i + 409 - 412 = 0, 3*a - 7233 = 4*i. What are the prime factors of a?
29, 83
Suppose -7*b - 12 = -4*b. Let d(a) = a**3 + 3*a**2 - a + 12. Let v be d(b). Suppose 4*g - 2*i - 358 = v, -g + 5*i + 167 = g. List the prime factors of g.
7, 13
Let a(d) = -5 + 43 + 1 + 6*d. What are the prime factors of a(4)?
3, 7
Let q be ((-2)/(-1 - -5))/(2/(-16)). Let j(p) = -11 + q*p - 6*p + p - 7*p. What are the prime factors of j(-8)?
53
Let g(i) = i**2 - 444*i - 26. What are the prime factors of g(-14)?
2, 31, 103
Let x(i) = -3*i**2 - 35*i + 19. Let v be x(-13). List the prime factors of -249*v*6/54.
11, 83
Let r be 3 + (-1)/((-3)/51). Suppose 3*g + 4*b + r = -g, 2*b + 10 = 0. Suppose 5*a - s - 212 = 0, -3*a + 7*a + 4*s - 160 = g. What are the prime factors of a?
2, 3, 7
Let z(i) = 2*i**2 + 14 + 5*i**2 - 127*i**3 + 11*i - 5*i - 3*i**2 + 5*i. List the prime factors of z(-2).
2
Let f be (10/(-12))/(2/(-12)). Suppose k + 59 = -f*a, -k + 3*a - 31 = a. What are the prime factors of (-1)/(((-21)/112)/(k/(-4)))?
2, 13
Let c(d) = 26 - d**2 - d**2 + 3*d**2 - 2*d. Let p be c(15). Suppose -o = -5*x + p, -3*o + 71 = 2*x - 31. List the prime factors of x.
3, 5
Let d = 37430 + -20203. What are the prime factors of d?
7, 23, 107
Let a(k) = -k**3 + 10*k**2 - 6*k - 22. Let h be a(9). Suppose 4*y + 18 = x, 59 = h*x - 2*y + 5. Suppose -x*w + 800 = -730. List the prime factors of w.
3, 17
Suppose 9*y + 8*y - 14*y - 11331 = 0. What are the prime factors of y?
3, 1259
Suppose -m = 5*n + 2*m + 11, n + 11 = -5*m. Let j be (2 - n/(-3)*3)*3. Suppose 5*h - 520 = -2*q + q, 5*h - j*q = 500. List the prime factors of h.
103
Let j(y) be the second derivative of -y**5/10 + 2*y**4/3 + 5*y**3/3 + 9*y**2/2 - 12*y + 1. What are the prime factors of j(-7)?
3, 113
Let h = 41158 + -39276. What are the prime factors of h?
2, 941
Suppose -257371 = -11*f - 82702. List the prime factors of f.
3, 67, 79
Suppose -4*s + 5 = -7. Suppose -4*q = -15 + s. Let w = q + 24. List the prime factors of w.
3
Let b(j) = 8*j**2 + 21*j + 65. Let x(f) = -7*f**2 - 22*f - 64. Let s(w) = 6*b(w) + 7*x(w). Let z be s(-26). List the prime factors of ((2 - 1) + 85)*z/(-4).
3, 43
Suppose 0 = -261*a + 257*a + 2648. What are the prime factors of (-3 - 45/(-10))*a?
3, 331
Suppose -42*v - 65710 = -43*v + 2*w, 4*v = 2*w + 262816. What are the prime factors of v?
2, 7, 13, 19
Suppose 102*t = 376517 + 121039. List the prime factors of t.
2, 3, 271
Let v be 62 + 6 + (-3 - -1). Let w(n) = -13*n + v*n - 1 - 1. What are the prime factors of w(2)?
2, 13
Let c(v) = 19*v - 4. Let j be c(1). Suppose 0 = 3*f + j, 4*a = -3*f + 2*f + 1467. List the prime factors of a.
2, 23
Let h(r) = 7*r - 51. Let x(t) = -13*t + 103. Let v(l) = 7*h(l) + 4*x(l). Suppose -34 - 44 = 3*u - w, -34 = u - 3*w. What are the prime factors of v(u)?
2, 5, 13
Suppose -203*l + 305*l = 81396. List the prime factors of l.
2, 3, 7, 19
Suppose 34*c + 48679 = -15751. List the prime factors of ((-90)/(-35))/9 + c/(-7).
271
Suppose -135*d = -137*d - 198. Let a = 358 - d. What are the prime factors of a?
457
Let b(q) = q**3 + 50*q**2 - 130*q - 127. What are the prime factors of b(-36)?
22697
Let q(d) be the second derivative of 1/20*d**5 - 5/12*d**4 + 0 - 2*d + 1/3*d**3 - 2*d**2. What are the prime factors of q(6)?
2, 11
Suppose -2970 = 3*x - 0*x. Let n = -15042 + 15041. What are the prime factors of x/(6/(-1)) + n + -1?
163
List the prime factors of -1373*38/3*(-55 + (-3745)/(-70)).
19, 1373
Let h = 1 + 2. Let w(g) = 4*g**2 - 86*g - 1. Let x(f) = 12*f**2 - 237*f - 4. Let r(l) = -11*w(l) + 4*x(l). What are the prime factors of r(h)?
5
Suppose h - 5416 = 1091. List the prime factors of h.
3, 241
Suppose -11*z + 174785 + 105218 + 114930 = 0. What are the prime factors of z?
7, 23, 223
Suppose -35 = 4*j - 9*j. Let c(w) 